*2 + 2713*y - 1194. Calculate m(-170).
-4
Let n(r) = -3883*r + 42711. Determine n(11).
-2
Let d(x) = -4*x**2 + 148*x - 24. Calculate d(37).
-24
Let l(x) = -3*x - 58. Give l(-13).
-19
Let s(y) = -5*y**2 + 71*y - 248. Determine s(9).
-14
Let q(z) = -z**3 + 18*z**2 + 21*z + 3. Give q(19).
41
Let t(w) = 26*w**2 + 139*w + 125. Determine t(-4).
-15
Let t(a) = 21*a**3 + 2*a**2 + 8*a + 8. Give t(-1).
-19
Let n(w) = -11*w + 62. Give n(4).
18
Let k(i) = 1102*i + 163. Determine k(0).
163
Let c(r) = -4*r**2 + 324*r + 673. Calculate c(83).
9
Let s(v) = 75*v - 521. What is s(8)?
79
Let u(z) = z**3 + 51*z**2 - 218*z + 97. What is u(-55)?
-13
Let g(m) = -8*m**3 - 953*m**2 - 130*m - 1338. Determine g(-119).
-29
Let t(s) = -2*s**3 - 48*s**2 + 55*s + 105. Determine t(-25).
-20
Let v(u) = -153*u + 27101. What is v(177)?
20
Let y(g) = -45*g**2 - 69*g + 420. What is y(-4)?
-24
Let k(v) = -4*v**2 + 3156*v + 3159. What is k(-1)?
-1
Let t(h) = 534*h - 10688. Determine t(20).
-8
Let v(g) = 132*g - 1202. What is v(9)?
-14
Let a(q) = -q**3 + 11*q**2 - 23*q + 345. Determine a(11).
92
Let c(x) = x**2 - 17*x - 39. Give c(19).
-1
Let z(k) = -4*k**2 - 201*k - 23. What is z(-50)?
27
Let y(c) = -c**2 - 6569*c + 46029. Determine y(7).
-3
Let z(i) = 3*i**3 - 19*i**2 + 47*i - 37. Determine z(5).
98
Let n(g) = -g**3 - 6*g**2 - 12*g - 6. What is n(-2)?
2
Let z(w) = -88*w - 1228. Give z(-13).
-84
Let r(i) = -145*i + 202. Calculate r(3).
-233
Let h(t) = -t**3 + 8*t**2 + 32*t - 251. Give h(8).
5
Let m(i) = -i**3 - 26*i**2 - 175*i - 60. What is m(-11)?
50
Let h(v) = v**2 - 77*v + 729. Calculate h(12).
-51
Let o(v) = -v**2 + 15*v + 1140. Determine o(42).
6
Let h(x) = -394*x + 5942. Calculate h(15).
32
Let t(v) = 183*v - 909. Give t(5).
6
Let t(j) = j**2 + 31*j - 55. Give t(2).
11
Let h(u) = 75*u - 8. Calculate h(3).
217
Let t(m) = -3*m**2 - 94*m + 277. Calculate t(3).
-32
Let k(s) = -s**3 - 8*s**2 - 8*s - 44. What is k(-9)?
109
Let n(p) = p**2 + 112*p + 1030. Determine n(-10).
10
Let n(j) = -39*j + 138. Give n(3).
21
Let n(y) = -4*y**2 + 297*y - 2575. Give n(10).
-5
Let f(k) = -17*k**2 + 40*k + 10. Determine f(6).
-362
Let c(r) = r**3 - 42*r**2 + 183*r + 65. Give c(37).
-9
Let f(n) = 2*n**3 - 251*n**2 - 386*n + 663. Calculate f(127).
28
Let c(w) = 194*w - 44617. Determine c(230).
3
Let j(n) = -32*n**2 + 152*n - 616. What is j(4)?
-520
Let k(v) = 3*v**2 + 298*v - 43560. What is k(-180)?
0
Let j(k) = k**3 - 7*k**2 + 13*k - 67. Calculate j(5).
-52
Let v(w) = -46*w - 165. What is v(-5)?
65
Let m(d) = -52*d - 64. Give m(6).
-376
Let l(a) = 3*a**2 + 680*a + 2677. Calculate l(-4).
5
Let j(g) = 70*g + 43. What is j(-2)?
-97
Let d(o) = o**3 + 16*o**2 + 49*o - 61. Determine d(-11).
5
Let l(q) = -q**2 + 31*q - 172. Give l(9).
26
Let m(f) = 9*f**2 + 110*f + 270. What is m(-9)?
9
Let z(m) = 825*m + 6593. Give z(-8).
-7
Let b(q) = -q**3 - 8*q**2 + 45*q + 395. What is b(-8)?
35
Let s(m) = -44*m**2 - 221*m - 7. What is s(-5)?
-2
Let w(k) = 2731*k + 10920. Determine w(-4).
-4
Let v(w) = -w**2 + 35*w - 288. Give v(11).
-24
Let o(y) = 7*y**2 - 19. Calculate o(6).
233
Let p(c) = 81*c**2 - 3641*c - 177. What is p(45)?
3
Let w(l) = 7*l**2 - 72*l - 41. Calculate w(11).
14
Let j(d) = -1558*d - 32683. Determine j(-21).
35
Let g(i) = i**3 - 42*i**2 - 84*i - 203. Give g(44).
-27
Let v(f) = 2*f**3 - 216*f**2 + 630*f. What is v(105)?
0
Let k(y) = y**2 + 15*y - 100. Calculate k(-26).
186
Let q(j) = -23*j - 94. Determine q(-3).
-25
Let s(d) = -d**3 - 125*d**2 + 244*d - 1283. Calculate s(-127).
-13
Let s(g) = g**3 + 2*g**2 - 1006*g + 591. Determine s(-33).
30
Let s(t) = 24*t - 475. What is s(15)?
-115
Let g(z) = -9*z**2 + 938*z - 168. Determine g(104).
40
Let y(k) = -2*k**3 - 19*k**2 - 24*k + 78. What is y(-7)?
1
Let w(g) = -g**3 + 20*g**2 - 11*g - 42. Determine w(19).
110
Let p(z) = -472*z + 5193. What is p(11)?
1
Let m(c) = -5*c - 211. What is m(31)?
-366
Let i(o) = -19*o - 1367. What is i(-66)?
-113
Let p(j) = j**2 - 507*j - 8372. Determine p(-16).
-4
Let s(b) = 7*b**3 + 25*b**2 + 86*b + 16. What is s(-3)?
-206
Let o(l) = 3*l**2 - 37*l - 2434. Calculate o(-23).
4
Let f(r) = -16*r**2 + 2912*r + 4. Calculate f(182).
4
Let u(o) = o**3 + 25*o**2 - 64*o + 17. Give u(2).
-3
Let w(z) = z**3 + 26*z**2 + 139*z - 93. What is w(-18)?
-3
Let q(b) = 115*b**2 - 10*b - 2. What is q(-1)?
123
Let x(y) = -y**3 - 80*y**2 - 1499*y + 37. What is x(-30)?
7
Let l(x) = -x**2 + 124*x - 1721. Determine l(16).
7
Let x(b) = -46*b - 425. What is x(0)?
-425
Let t(u) = 21*u**2 - 13*u - 25. Determine t(-2).
85
Let a(o) = -5*o**3 - 5*o**2 + 19*o + 3. Calculate a(-3).
36
Let h(v) = -461*v + 6444. Give h(14).
-10
Let t(f) = -6*f**2 + 246*f - 1431. Give t(6).
-171
Let h(m) = -221*m - 8179. Calculate h(-37).
-2
Let u(i) = -14*i + 2735. Give u(195).
5
Let z(f) = -872*f - 438. Give z(-1).
434
Let q(f) = -9*f - 155. Give q(-4).
-119
Let u(g) = 23*g**2 - 13*g + 22. Give u(2).
88
Let t(r) = -r**3 - 9*r**2 + 3634*r + 21913. Determine t(-6).
1
Let l(y) = -84*y - 13188. Calculate l(-157).
0
Let a(d) = d**3 - 7*d**2 + 3*d - 68. Determine a(7).
-47
Let c(z) = 135*z - 835. Calculate c(7).
110
Let i(f) = -67*f - 1481. Give i(-23).
60
Let y(q) = 18*q**2 + 109*q + 174. Give y(-4).
26
Let l(o) = o**3 + 9*o**2 + 25*o - 9. Calculate l(-6).
-51
Let h(x) = 122*x**2 + 7198*x + 4. What is h(-59)?
4
Let s(x) = 2*x**2 + 836*x + 5000. Give s(-6).
56
Let o(p) = -144*p - 5429. Calculate o(-37).
-101
Let o(a) = 7*a**2 + 269*a + 828. Calculate o(-35).
-12
Let j(h) = 9*h**3 - 2*h**2 + 23*h - 57. Calculate j(3).
237
Let h(n) = 18*n**2 + 49*n + 4. Calculate h(-2).
-22
Let j(v) = -5*v**2 - v + 4. Determine j(4).
-80
Let c(d) = -106*d - 1911. What is c(-18)?
-3
Let a(c) = 24*c**2 - 28*c + 1. What is a(0)?
1
Let n(i) = 2*i**3 + 105*i**2 + 1288*i + 35. What is n(-33)?
2
Let b(r) = -107*r**2 + 856*r - 2. What is b(8)?
-2
Let z(c) = -2*c**2 + 10829*c - 21656. Determine z(2).
-6
Let t(s) = s**3 + s**2 - 89*s. Determine t(0).
0
Let k(j) = -3*j**3 + 11*j + 30. Calculate k(-5).
350
Let s(y) = -6*y - 116. Determine s(-12).
-44
Let z(h) = h**3 + 7*h**2 + 8*h + 20. Give z(-5).
30
Let u(m) = -2*m**2 - 25*m + 28. What is u(-15)?
-47
Let a(m) = m**2 + 52*m + 100. Determine a(-52).
100
Let w(v) = v**3 + v**2 + 23*v + 36. Give w(-7).
-419
Let b(v) = -6*v**2 - 217*v - 576. Give b(-33).
51
Let c(g) = -6*g**3 + 53*g**2 + 22*g - 26. Determine c(9).
91
Let b(v) = 598*v - 1793. Calculate b(3).
1
Let b(z) = 2*z**3 - 15*z**2 - 53*z + 255. What is b(9)?
21
Let t(h) = 59*h + 46. Calculate t(3).
223
Let o(j) = -4*j - 111. Give o(-15).
-51
Let t(s) = -3*s**3 - 17*s**2 + 3*s + 23. Give t(-5).
-42
Let q(z) = -15*z**2 + 16*z - 59. What is q(3)?
-146
Let c(r) = 55*r - 8. Calculate c(-3).
-173
Let d(s) = -12*s - 254. Calculate d(-21).
-2
Let n(m) = 2*m**3 + 5*m**2 - 6*m - 5. Determine n(-4).
-29
Let p(w) = 35*w**3 - 24*w**2 + 31*w - 6. Determine p(1).
36
Let f(u) = u**3 - 26*u**2 + 2*u + 556. Determine f(25).
-19
Let c(y) = 20*y**3 + 30*y**2 + 14*y + 33. What is c(-2)?
-35
Let a(c) = -2*c**2 - 56*c - 129. Calculate a(-33).
-459
Let n(d) = -8*d - 119. Determine n(-6).
-71
Let h(d) = 15*d**2 - 68*d - 42. Calculate h(5).
-7
Let o(w) = 4*w**2 - 8*w - 36. Give o(-2).
-4
Let o(u) = u**3 - 3*u**2 - 25*u - 4. Calculate o(6).
-46
Let j(v) = 29*v + 313. Calculate j(-11).
-6
Let b(p) = -60*p + 108. What is b(-2)?
228
Let n(j) = -129*j + 1668. Calculate n(13).
-9
Let k(h) = -4*h**2 - 61*h + 34. Give k(-21).
-449
Let u(a) = -a**2 + 221*a - 1204. Calculate u(6).
86
Let j(h) = -h**3 + 23*h**2 + 143*h + 2. What is j(-5)?
-13
Let v(b) = 162*b - 1607. Determine v(10).
13
Let b(c) = -c**3 + 9*c**2 + 15*c - 131. Calculate b(9).
4
Let q(o) = 10*o**3 - 70*o**2 - 81*o. Determine q(8).
-8
Let i(o) = o**2 - 95*o - 584. Give i(-6).
22
Let p(s) = s**3 - 67*s**2 + 65*s + 175. Calculate p(66).
109
Let s(l) = l**3 - 11*l**2 - 834*l + 150. Determine s(-24).
6
Let o(r) = 7*r**2 - 13*r - 84. What is o(-6)?
246
Let i(c) = -c**3 + 49*c**2 - 223*c - 95. What is i(44)?
-227
Let b(a) = 268*a**2 + 1052*a - 78. Determine b(-4).
2
Let f(x) = 80*x**3 - 2*x**2 - 32*x - 31. Calculate f(-1).
-81
Let r(q) = 65*q - 5846. Determine r(90).
4
Let y(q) = 2*q**3 - 6*q**2 + 3*q - 33. What is y(6)?
201
Let x(m) = -m**3 + 26*m**2 + 154*m - 23. Give x(31).
-54
Let p(